6) + 4 - 5?
-1
What is 3 + -1 + -6 - -2?
-2
What is 14 + 9 + -6 + -12?
5
11 + -12 - (-1 + 7)
-7
What is 0 + (4 - (1 + -2))?
5
Calculate 1 + -3 + (-1 - (6 + -7)).
-2
(-6 - -6) + (0 - -2) + -1
1
Calculate 9 + 20 + -12 + -18.
-1
Calculate -10 + (-2 + 4 - -3).
-5
What is the value of -4 + 5 + -2 + -4?
-5
What is 0 - (1 - (7 + -2 + -1))?
3
10 + -12 - (-2 - 1) - -2
3
What is (4 + -15 - -4) + 0 - -4?
-3
What is the value of 2 - 9 - (4 + -2 + -5)?
-4
-3 + (7 - 2) + 5
7
What is the value of (2 + 2 - (19 - 12)) + 0?
-3
Calculate (11 + -5 - 6) + 6.
6
What is (-9 - -6) + 1 + -3?
-5
Calculate 64 + -69 + 1 + 13.
9
Evaluate (-2 - 2) + (0 - -1).
-3
What is the value of 1 - (2 - 1) - 2 - -7?
5
Evaluate 2 + 0 + (-2 - -5).
5
What is the value of -12 + 3 + 2 + 4?
-3
9 + -8 + 3 + 1 + -6
-1
-7 + (-1 + -1 - (-3 + 0))
-6
Evaluate -5 + (-4 - -1) + -10 + 13.
-5
3 + -13 - -5 - (0 - 9)
4
-6 - (-11 + -2 + 5 - -6)
-4
What is 1 + -2 - (5 + -7 + 0)?
1
What is 5 + -1 + -7 + -3 + 14?
8
Calculate 0 - (4 + 5 + -1 + -4).
-4
What is 0 + 3 - 7 - (1 + -5)?
0
1 - (-2 - -7) - -12 - 2
6
What is 0 - -5 - (24 - 17)?
-2
Evaluate 5 + -6 + 6 + 2 + -3.
4
What is the value of -12 - (1 - -2 - (-10 - -17))?
-8
What is the value of -9 + (6 - 6 - 0)?
-9
What is -1 + -4 + 0 + 132 + -126?
1
Calculate -1 - (2 + -2 - 3) - 3.
-1
Evaluate (6 + -3 - -1) + (-2 - 2).
0
(-2 - -7) + (4 - 6)
3
What is 3 + -7 + 7 - 5?
-2
Evaluate -3 + -1 + 3 + 5.
4
9 + -9 + 2 + (0 - 1)
1
4 + (-10 + 15 - 4)
5
Calculate (3 - (-3 + 0)) + 1 + -16.
-9
What is the value of (-2 - -5) + (-6 + 2 - 0)?
-1
What is the value of -3 - (-4 + (4 - 7) + 6)?
-2
What is 5 + (-19 - -4) + 5?
-5
What is the value of (-8 - -8 - -1) + 2 + 2?
5
What is the value of 2 + 1 - (-58 - -68)?
-7
-2 + (-1 + -2 - (-13 - -6))
2
What is the value of (1 - 2) + -15 + 2 + 9?
-5
What is the value of -11 + 9 + 7 + -12?
-7
6 + (-3 - -1) - 9
-5
What is the value of -6 - (-2 - (5 - -2) - -4)?
-1
Evaluate (-11 - (3 - 13)) + 10.
9
6 + (2 + -1 - 3)
4
Calculate (-3 - 2) + 6 - (1 - -1).
-1
What is -1 - (-8 - (4 + -6)) - 2?
3
What is the value of (9 - 4 - 5) + (10 - 4)?
6
What is the value of -4 - (-11 - (2 - 4) - -6)?
-1
Evaluate -1 + (0 - 0) + 5.
4
What is -2 - (-9 + (4 - 1))?
4
What is the value of 9 + (17 - 12) + 1 + -8?
7
Calculate -1 - 1 - (2 - 1).
-3
Calculate -27 - -27 - (1 - 3 - 3).
5
Calculate (-19 - -7) + 9 + 0.
-3
-7 + 6 - -5 - 3
1
What is the value of -11 - (11 - 22) - (-3 - -1)?
2
Evaluate 1 + -1 + (-5 - -5) + -2.
-2
Calculate -4 + 6 + 1 + -4.
-1
What is the value of 3 - (8 + (-3 - -3))?
-5
Evaluate 5 + (5 - 13) - (1 - -1).
-5
What is the value of (-3 - -1) + (2 - 1) + 2?
1
What is the value of 8 + -2 + (-32 - -9 - -10)?
-7
11 + 12 + -30 - (0 - 10)
3
-3 - -1 - (2 + 0) - 1
-5
Evaluate (2 - 1 - 0) + (-1 - 0).
0
What is -5 - (-1 + (-2 - -2))?
-4
What is -1 + -5 + -3 + 5 + 10?
6
What is -2 + (-4 + -1 - -3)?
-4
Calculate 74 - 70 - (-2 - 1).
7
Evaluate 3 - 1 - 2 - (2 - 3).
1
Evaluate 6 - (-2 + 1 + -1 - -15).
-7
What is -6 + -6 + (-2 - -23) + 1?
10
Calculate -8 + -3 + -7 + 19.
1
What is the value of -8 + 2 + -6 - (-13 - -6)?
-5
-4 - (5 + 4 + -9)
-4
What is -1 + (-5 - -11) + -5 + 1?
1
What is the value of -5 + (-5 - -1 - -6)?
-3
-12 - -19 - ((-2 - -11) + -4)
2
Calculate 8 - (2 + -2 + 6 + -2).
4
0 - (-5 - (-5 - 1) - -5)
-6
-17 - (-20 + 12 + -1)
-8
What is 0 - (-4 + 3) - -1?
2
(2 + -1 + 0 - 6) + 2
-3
10 + -4 - (-9 - -20)
-5
Evaluate 5 + (-17 - (-17 - -9)).
-4
11 + -11 + (5 - 1)
4
What is the value of (-5 + 11 - 12) + 10?
4
What is the value of 70 + -69 - (3 + -2 + 3)?
-3
Evaluate (-6 - 0) + 2 + 4 - 5.
-5
Evaluate -1 + -4 + (7 - -4).
6
Calculate (11 - 3) + -5 + -5.
-2
Calculate 1 + (-7 + 12 - 1).
5
Evaluate 0 + 3 + (4 - (12 - 12)).
7
What is 3 + (4 - (4 - 2))?
5
What is the value of 2 + 2 - (3 + 1)?
0
Calculate 19 + -28 + -6 + 19.
4
Evaluate 2 - (3 + 4 + -1 + -3).
-1
Calculate (-3 - 1) + 2 + -1 + -2.
-5
Calculate (7 - (-3 + 0)) + -11.
-1
(0 - -2) + 0 + -1 + -2
-1
0 + 2 + -4 - -4 - -2
4
2 + (3 - 7) + 1 - -4
3
What is the value of 4 + (-5 - ((4 - 4) + 2))?
-3
What is the value of 1 - (5 + -6 - 3)?
5
What is 0 + -3 + (0 - -2) + 0?
-1
(-3 - 1) + 2 - -5
3
Calculate (-3 - (-1 + -2)) + 0 - 5.
-5
-5 - ((-10 - -10) + (-1 - 9))
5
What is (6 - 5) + 2 - (-3 + 2)?
4
What is the value of 4 + 8 + -8 + -6 + -4?
-6
What is -1 - ((0 - 5) + -20 + 23)?
1
Evaluate 5 + 4 - (-4 + 2 + 5).
6
Evaluate -1 - (2 + -1 + -2).
0
Calculate -1 + 5 + -3 + (-3 - 3).
-5
What is the value of (-6 - -1) + -1 + 5?
-1
Evaluate -13 + 6 + -6 - (-6 - 0).
-7
Calculate (-9 - -14) + -2 + -8.
-5
Calculate (2 - 6) + 5 + -4.
-3
Calculate -5 - (-8 + 3) - 0.
0
Evaluate -5 - -8 - (-3 + 9).
-3
What is the value of -11 - (4 + -10) - -4?
-1
-3 + (-3 - -4) + -1
-3
Evaluate -8 - (6 + -6 + -6) - -2.
0
What is 0 - 8 - (0 - 4)?
-4
-2 + 7 + 3 + -6
2
What is -2 - 6 - -18 - 8?
2
What is the value of 2 + (-3 - -7) - 8?
-2
What is the value of (-1 - -8) + -9 - (-1 + 0)?
-1
-31 + 20 - (-7 - -3)
-7
Calculate (-9 - -5) + -5 + 2 + 2.
-5
What is the value of 8 - ((-1 - 3) + 11)?
1
Calculate 2 + -5 - (-13 + 10).
0
Evaluate -6 - (4 + 0 - 6).
-4
(0 - 3) + (8 - (3 + 2))
0
Calculate 1 - (6 + (2 - 3)).
-4
-1 - 1 - -1 - (182 + -183)
0
Evaluate 5 + -7 + 8 - 13 - -1.
-6
Calculate 1 + (-11 - -7) + (0 - -9).
6
What is the value of 8 + (-5 - 5) - -5?
3
What is the value of 5 + -5 + (0 - 1) + 0?
-1
7 - (0 + 13 + -4)
-2
What is -4 + 15 - (2 + 4)?
5
What is 4 + -2 + -4 - 2 - -1?
-3
Calculate (3 - 1 - 2) + -6 + 5.
-1
What is 19 + -22 - (3 - 1)?
-5
What is the value of (25 - 3) + (-9 - 6)?
7
Evaluate 10 - (8 + 6) - 4.
-8
Calculate -2 + 0 - (73 + -73).
-2
Calculate -1 - ((-2 - 0 - -1) + 1).
-1
Evaluate -3 + (0 - (-2 - -2)).
-3
What is the value of -1 - (0 + 0) - (2 + 1)?
-4
What is the value of 4 + -4 + (0 - 2 - 0)?
-2
Evaluate 2 + (-1 + -2 - -4).
3
Calculate 0 + 1 - -1 - 0.
2
(34 - (26 + -15)) + -13
10
What is -2 + -2 + -2 - -9?
3
Calculate 0 - (3 + -6 + 6).
-3
(6 + 0 + -6 - -3) + 3
6
-1 - (8 - (6 - (-4 + 4)))
-3
What is the value of -5 - (-3 + (1 - 2) + -1)?
0
What is the value of (-9 - (10 + -18)) + -3?
-4
Calculate 1 + -4 - (-5 - -9) - -4.
-3
0 + (0 + 0 - 3) + 3
0
What is 5 - (-5 - -6 - 1)?
5
What is (13 - -4 - 2) + -10?
5
(17 - 0) + -102 + 91
6
-3 + 9 + -3 + 1 + 1
5
Evaluate (-7 - -10) + (-7 - -3) + -2.
-3
-2 + -5 + 5 - -6 - -3
7
Evaluate 4 - (3 - (6 + -8)).
-1
-57 - -51 - (2 - 5 - -2)
-5
What is -2 + 1 + 5 + -4 + -3?
-3
Evaluate 3 - (5 - 9) - 0.
7
What is 5 + (-12 + (0 - -2) - -4)?
-1
What is the value of 91 - 82 - (-2 + 6)?
5
What is the value of 9 + -21 - ((-3 - 4) + 3)?
-8
What is (-3 - 0) + 2 + -3?
-4
What is -3 - -4 - (-1 + 7 - 4)?
-1
What is the value of 4 - 0 - (1 + 3)?
0
Evaluate -2 + (-2 - 1) + 6 + -3.
-2
Calculate 0 - -3 - (7 - 1 - 3).
0
Evaluate -5 + (3 - 5) + 3.
-4
What is the value of 1 + 4 + -8 + 5?
2
(-7 - (6 + -5)) + 10
2
-13 + 8 + -2 + 12
5
(0 - 3) + (-5 - (-5 + 1))
-4
Evaluate 2 + 2 + (2 - 3).
3
What is 17 + -21 - (-2 - (2 + -2))?
-2
Evaluate 1 + -3 + 4 + -4.
-2
1 - 5 - (-2 - (0 + -2))
-4
Evaluate -14 + 0 - (25 + -33).
-6
What is the value of -9 - (4 + -26 - -7)?
6
Evaluate 1 + (0 - (1 + 1)).
-1
Evaluate 2 - ((-6 - -12) + -1).
-3
What is the value of 5 + (0 + 1 - (5 - 2))?
3
Evaluate 1 + (-4 - 2) + (-6 - -9).
-2
(-1 + 2 - (-9 + 16)) + 3
-3
91 + -71 + -11 + -1
8
Evaluate (-39 - -42) + (3 - -2 - 3).
5
Evaluate 1 - 8 - (0 + -8).
1
2 + -6 + (13 - (6 + 7))
-4
-3 + 2 + 4 + 2 + -2
3
Evaluate 1 + -4 + 3 - (5 + -1).
-4
Evaluate -7 + -11 + 13 - -3.
-2
What is the value of -7 + (-1 - -3) + -11 + 14?
-2
Calculate 2 + (0 - 13) + 6 + 2.
-3
Evaluate (-5 - (-3 + 4 + -3)) + 0.
-3
Calculate 2 - -2 - (11 - 12).
5
What is (0 - -8) + (20 - 34)?
-6
2 + -1 - (-98 - -91)
8
Calculate -5 - (2 - -1 - 4) - -9.
5
Evaluate (0 - -2) + -3 + 5.
4
(0 - -1) + -6 + 0 + 4
-1
Calculate 4 + -2 + 2 + -10 + 4.
-2
-5 - -18 - 5 - 3
5
Evaluate 6 + -5 + 1 + 3.
5
Evaluate 12 - (-3 - (-1 + -3) - -6).
5
What is (2 - 1 - 8) + 0?
-7
Evaluate 4 + (6 - 3 - 4) + -1.
2
(-4 + 11 - 5) + -1
1
Evaluate -8 - (-1 - (-2 + 12)).
3
Calculate -7 - (7 - (20 + (7 - 13))).
0
What is the value of -3 + 1 + 12 + 3 + -11?
2
Evaluate (-2 - 1) + 2 + -4 + 5.
0
-4 + -6 + 5 + 2
-3
Evaluate 1 + 7 + -2 + -5.
1
What is the value of 12 + -3 + -7 + (-1 - 0)?
1
Evaluate -2 + (3 - (1 - -3)).
-3
What is the value 